 5*x(u). What is q(-2)?
7
Let g(u) = u + 6. Let z be g(-6). Suppose 0 = -2*i + 4*s - 28, z = -5*i - 5*s - 0 + 5. Let c(t) = t - 3. Determine c(i).
-7
Let w(h) = -2*h - 3. Let x be w(-5). Let f = 3 - x. Let n = -1 - f. Let o(u) = -2*u - 3. Determine o(n).
-9
Suppose -4*m = 6 - 18. Let c(a) be the first derivative of a**5/60 - a**4/24 + a**3/6 - a**2 - 4. Let g(j) be the second derivative of c(j). Calculate g(m).
7
Let w be (2 - 1) + -4 + 5. Suppose -14 = -w*b - 22. Let h(x) = -x - 10. Let o(f) = -2*f - 21. Let v(s) = 13*h(s) - 6*o(s). Determine v(b).
0
Let q(z) = z + 2. Let u(x) = 4*x + 7. Let p(g) = 21*q(g) - 6*u(g). Suppose -a - 4*t + 7 = 0, -4*a - 2*t + 12 = -2. Determine p(a).
-9
Let k(z) = -2*z**3 + z**2 + 2*z + 1. Let n(q) = -q - 4. Let t = 6 + -9. Let s be n(t). Determine k(s).
2
Suppose 4 = h + 1. Let y(j) = 6*j + 0*j - h*j - 4 - 2*j. Calculate y(6).
2
Suppose -14 = 5*o + 1. Let y(l) be the third derivative of -l**4/24 + l**3/6 - 2*l**2. Calculate y(o).
4
Let t(h) be the third derivative of h**5/20 + h**4/24 - h**3/6 - 6*h**2. Calculate t(-2).
9
Suppose 0 = -0*i + 4*i + 28. Let z(y) = y**2 + 8*y + 9. What is z(i)?
2
Suppose -j = -4 - 4. Suppose 0*r - j = 3*o - 2*r, 0 = 2*o + 4*r - 16. Let p(m) = -1 - m + o*m + 2*m. What is p(-4)?
-5
Let t = -119 + 114. Let y(m) = 6*m - 3*m + 5 - 2. Give y(t).
-12
Let c(n) = n**3 + 3*n**3 + 201*n + 1 - 199*n. Let h(r) = r + 5. Let y be h(-6). What is c(y)?
-5
Let q = -28 - -25. Let i(g) = 2*g + 4. Let x(k) = 4*k + 5. Let s(u) = -2*u - 2. Let t(p) = -5*s(p) - 3*x(p). Let m(b) = q*t(b) - 4*i(b). Determine m(1).
-3
Let m(w) = -9*w**2 - 6*w + 2*w**3 - w**3 + 14*w**2 - 5 - 1. Determine m(-6).
-6
Let u(d) = 2*d + 5. Let a(i) = -4*i - 9. Let v(r) = -3*a(r) - 5*u(r). Let q be v(-2). Let f(h) be the first derivative of h**3/3 - h**2 - 3*h + 2. Give f(q).
5
Let l = 1 - 0. Let g(x) = -x**3 - 8*x**2 - 7*x + 4. Let j be g(-7). Let h(a) = j*a - 2*a + 6*a. What is h(l)?
8
Let u(l) be the third derivative of l**5/20 + l**4/8 - l**3/2 + l**2. Calculate u(2).
15
Let y(q) = -q**2 + q + 8. Suppose 8 = 5*t - 3*t. Let x be y(t). Let b(v) = 3*v + 1. Determine b(x).
-11
Let l(u) be the first derivative of -u**4/4 - u**3 - 4*u + 3. What is l(-3)?
-4
Let y(m) = 5*m**3 - 2*m**2 - 2*m - 1. Let z = -24 - -23. Calculate y(z).
-6
Let r(a) = 7*a**2 - a - 3. Let l = -2 - 0. Let q(k) = -36*k**2 + 5*k + 16. Let c(n) = l*q(n) - 11*r(n). Calculate c(-1).
-5
Let g(u) = u**3 + 6*u**2 + 6*u + 6. Let a(p) = -p**2 + 12*p + 9. Let t be a(13). Determine g(t).
14
Suppose -4*d - 2*k - 32 = 0, -16 = 2*d - 4*k + k. Let l(g) = 0*g**3 + 5 - 9*g**2 - 7*g + 0*g**3 - g**3. What is l(d)?
-3
Let u(p) = p**2 - 6*p + 2. Let f = -2 - -6. Suppose f*v - 3*v - 3 = 0. Determine u(v).
-7
Let c(a) = 532*a**2 - 526*a**2 - 4 - 2*a**3 + a**3. What is c(6)?
-4
Let t(y) = 2*y - 4. Let x(h) = -h + 2 + 0*h + 1. Let b(q) = 4*t(q) + 5*x(q). Suppose 0 = -2*n + 3 + 1. Give b(n).
5
Let b(a) = -a**2 + a + 1. Let p(l) = -3*l**2 + 14*l - 10. Let i(f) = b(f) - p(f). Let j be i(6). Let c(q) = q**2 - 5*q + 1. What is c(j)?
1
Let r(s) = -2*s - 3. Let u be -9*((-3)/3)/3. Let h = u - -1. Give r(h).
-11
Let n(q) = q**2 + q - 1. Let p(u) = -u**2 - u + 4. Let y(t) = -2*n(t) - p(t). Give y(-5).
-22
Suppose 5*j - 12 = -j. Let u(p) = -4*p + 3*p - 2*p**2 + 0*p**2. Determine u(j).
-10
Let u(i) = -11*i**2 - 3*i - 4. Let c(v) be the first derivative of -4*v**3 - 2*v**2 - 5*v + 2. Let h(k) = -5*c(k) + 6*u(k). Give h(-1).
-7
Let a(h) = -h + 3. Let p(l) = -3. Let f(v) = 4*a(v) + 5*p(v). Suppose t = -4 + 1. Let c = 1 + t. What is f(c)?
5
Suppose 6 = -l + n + 3*n, 3*l + 5*n = 16. Let h(y) = -y**3 + y**2 + 4. Let q be h(0). Let v(r) = -4*r + r**l - 2*r - r + q. Determine v(5).
-6
Suppose -x - 2 = 4*d, 2*d - 3*d + 9 = 5*x. Let t(h) = -h - h + h - 2*h**3 + 2*h**2 - 4*h**x. Calculate t(-1).
1
Let i(a) = -a**3 - 5*a**2 + 2. Suppose 0 = -j - p + 3, 5 = j + j + 3*p. Let s be (-10)/j*1*2. What is i(s)?
2
Let v(y) = -2*y - 2. Let z(t) = -1. Let o(i) = v(i) - 4*z(i). Suppose -2*l - 2 = -2*k, 4*l - 8 = -5*k - 30. Calculate o(k).
6
Let u(i) = -20 + 19 + 2*i**2 + 0*i + 2*i. Calculate u(-2).
3
Let w = 10 + -6. Let t(v) = -2 - w*v + 3 + 3*v. Give t(-1).
2
Let g(l) be the third derivative of l**4/8 - 2*l**3/3 - l**2. Let s(b) = -b**2 - 8*b - 8. Let c(o) = 2*o + 16. Let f be c(-11). Let v be s(f). What is g(v)?
8
Let i(x) = -x**3 + 4*x**2 - 2*x + 2. Let f(r) = r**2 + r - 1. Let m(g) = 2*f(g) + i(g). Let n be (-80)/(-13) + 2/(-13). What is m(n)?
0
Suppose 0 = -3*w + 9, -w + 3 - 2 = -t. Let z(i) = 2*i - 1. Calculate z(t).
3
Let y(n) be the second derivative of n + 3/2*n**2 - 1/12*n**4 + 0 - 1/2*n**3. Calculate y(-5).
-7
Let w = 7 - 2. Let s(j) = 2*j - 4 - j - 1. Calculate s(w).
0
Let a(l) be the first derivative of -l**7/840 - l**6/90 + l**5/20 + l**4/4 + 10*l**3/3 + 1. Let v(w) be the third derivative of a(w). Give v(-5).
1
Let k(p) be the second derivative of p**4/12 + p**3 + 3*p**2/2 + 5*p. What is k(-6)?
3
Let w be 8/(-2)*(-12)/8. Let c be w/21 + (-173)/(-7). Suppose q + 24 = 5*a, 2*a - 6*a - 5*q = -c. Let f(k) = k**2 - 5*k - 6. Calculate f(a).
-6
Let d(z) = 2*z**3 - 14*z**2 - z + 10. Let l be d(7). Let q(m) be the first derivative of -m - 7/3*m**l - 3 - m**2. Give q(-1).
-6
Let g(d) = 0*d**2 - 8*d + d**2 - 2 + 2*d. Suppose s = -0*v + 4*v, 3*v - 10 = 2*s. Let q(m) = -2*m - 10. Let b be q(s). Calculate g(b).
-2
Let v(b) = b + 1. Let c(g) = 2*g + 1. Let t(j) = -3*c(j) + 5*v(j). Determine t(5).
-3
Let i(g) = -g**3 - g**2. Suppose -d + 2*r - 11 = 0, 2*d = 4*r - 2*r - 12. What is i(d)?
0
Let p(r) = -20*r**2 + 10*r + 12*r**2 + 11*r**2. Let a(q) = 4*q**2 + 11*q - 1. Let c(g) = 4*a(g) - 5*p(g). What is c(6)?
-4
Let y(c) = 6*c**2 - c. Let v(n) = -n**2 - n + 1. Let q(r) = -2*v(r) - y(r). Let j be (-12)/(-28) - (-11)/7. Give q(j).
-12
Let p(b) = -b + 1. Let a be p(4). Let d(s) be the third derivative of -s**4/24 - s**3/3 - 4*s**2. What is d(a)?
1
Suppose -5*n + 4*n = 0. Suppose n = -4*y + 8 + 4. Let z(u) = -u**3 - 5 + 0*u**y + 2. Give z(0).
-3
Let v(i) = 2*i**2 - i. Let g(n) = -7*n**2 + 9*n - 9. Let l(r) = g(r) + 4*v(r). What is l(-7)?
5
Let n(z) = -3*z**3 + 3*z**2 - z + 1. Let h be n(2). Let m = h + 11. Let f(b) = -2*b - 1. Determine f(m).
3
Let p(t) = t**2 - 1. Let a(r) = 2*r**3 + r**2 + 3*r + 2. Let x(q) = -a(q) - 2*p(q). Calculate x(-2).
10
Suppose -4*m - 2*p + 6 = -10, 9 = 5*m - 3*p. Let v(w) = m*w**3 + w**2 - w + w**2 + 0*w**3. Calculate v(1).
4
Let x(f) be the third derivative of f**5/60 + f**4/6 + 5*f**3/6 - 2*f**2. Let y be ((-10)/(-6))/((-5)/15). Give x(y).
10
Let y(o) = 3*o. Let k(g) = -16*g + 1. Let a be k(1). Let m = 24 + a. Suppose -2*c - m = c. What is y(c)?
-9
Let t(q) = -q**3 + 5*q**2 + 5*q + 8. Let u be t(6). Let h = 1 + u. Let m(j) = 2 - 3 - 4*j + j**3 + 3 - 3 - j**2. Calculate m(h).
5
Let p(u) be the second derivative of u**3/6 - 4*u**2 + 2*u. Let w be 1/(-3 + 93/15 - 3). Determine p(w).
-3
Suppose 3*f = -x + 3, -22 = -4*x - 3*f - 1. Let h(t) = -t - 1. What is h(x)?
-7
Let c(i) be the second derivative of -3/4*i**4 + 0 - 1/3*i**3 - 1/2*i**2 - 4*i. Calculate c(-1).
-8
Let g(v) be the first derivative of -v**2/2 + 14. Let d = -2 + 2. Suppose 4*h + w + 16 = -w, d = 5*h - 5*w - 10. Give g(h).
2
Let x(c) = c**3 + 9*c**2 + 8*c + 3. Let d be x(-8). Let l(k) = -3. Let f(a) = a - 1. Let j(z) = -f(z) - l(z). Give j(d).
1
Let v(l) be the first derivative of l - 1/2*l**2 - 2. Let i be 1 + (-2 + -1 + 2)*-5. Determine v(i).
-5
Let p(w) be the second derivative of w**5/20 + 5*w**4/12 - 3*w**2 + w. Suppose 4*j = 3*z + 11, 5*z + 5*j + 4 = -26. What is p(z)?
-6
Let x(f) = f**3 - f**2 - f - 1. Let u(y) = 10*y**3 - 2*y**2 - y - 1. Let p(d) = u(d) - x(d). Determine p(1).
8
Let g be -3 + 5 - (-5 + 2). Let n = -3 + g. Let m(s) = -s**3 - 4 - 2 + 5*s**2 + s**n - 3*s. What is m(5)?
4
Let s(j) = -18 + 4 + 10 + j**2 + 6*j + 7. Determine s(-7).
10
Let h be (-8 - -2)*1/(-2). Suppose x = -h*n - 14, -2*x + 0*n + 2*n + 12 = 0. Let o(i) = -4*i - 1. Give o(x).
-5
Suppose 5*n = -2*q + n - 10, -43 = 5*q + n. Let m(i) = -i + 8. Let o be 48/21 - 4/14. Let f(w) = -5*w + 33. Let y(h) = o*f(h) + q*m(h). Determine y(-5).
-1
Suppose 4*l + 23 = 5*l. Let v = 23 - l. Let a(z) = -z**2 + z + 8. Calculate a(v).
8
Let f(i) = i**2 + 3*i - 6. Suppose -w =